 3. Let d be h(0). Suppose 0 = -5*n - 5*i + 1715, d*n + i + 4*i = 1031. Suppose -6*u + n = -4*u. What are the prime factors of u?
3, 19
Let m(u) be the first derivative of -11*u**2/2 - 18*u - 316. Suppose y + 7 = -0*y. What are the prime factors of m(y)?
59
Let y = -27 - -39. Suppose s + 2*n + y = 5*s, -4*s + n = -12. Suppose -4*g + 222 = -s*k, -2*g = 2*g + 3*k - 234. What are the prime factors of g?
3, 19
Let g(i) be the second derivative of -i**4/12 - i**3/6 + 42*i**2 + 7*i. Let d be (-4 - 1) + 3 + 2. What are the prime factors of g(d)?
2, 3, 7
Let d(q) = 9*q**2 - 247*q - 802. List the prime factors of d(93).
2, 7, 1931
Let x = -18058 - -36673. What are the prime factors of x?
3, 5, 17, 73
Suppose -2*c + 4554 = 3*k - 6113, -2*c = -5*k - 10627. What are the prime factors of c?
2, 2663
Let h be (31809/(-92))/((-11)/8 - -1). Suppose h = 4*q - q + g, 3 = 3*g. Suppose -3*z = 2*m - 287, -252 = -4*m - 3*z + q. What are the prime factors of m?
2, 17
Let f(g) = 64*g**3 - 2*g**2 + g - 1. Let t(n) = -2*n**2 + 40*n + 16. Let p be t(20). Suppose -4*o - p = 0, -w - 3*o - 8 = 3*w. List the prime factors of f(w).
2, 31
Let d(o) = 10*o**2 - 162*o - 4172. List the prime factors of d(-42).
2, 7, 181
Let h(f) = 53*f**2 + 7*f + 652. List the prime factors of h(-22).
2, 5, 523
Let m be 80/36 - ((-40)/(-18) - 2). What are the prime factors of 563/2 + m/4?
2, 3, 47
List the prime factors of -4*18/((-1152)/63664).
23, 173
Suppose -4*z + 132 = 144. What are the prime factors of ((-4)/z)/(3*(-9)/(-8505))?
2, 3, 5, 7
Suppose -6*s = -5*s - 135. Let u be 12/(-3) + s/(-9). Let l = 133 + u. List the prime factors of l.
2, 3, 19
Let d = -9017 - -40856. What are the prime factors of d?
3, 10613
Let d(v) = 3*v - 12. Let q be d(5). Suppose b = 4*p + q*b - 164, 5*p - 211 = -b. Suppose -6*w + 125 = -p. List the prime factors of w.
2, 7
Let j(u) = 16*u - 7. Let v be j(-5). Let m = v + 240. What are the prime factors of m?
3, 17
Suppose -a = 726*l - 731*l - 47408, 5*a - 237256 = -2*l. List the prime factors of a.
2, 3, 659
Let l(s) = 6*s + 15. Let p be l(7). Let k = -2 + p. List the prime factors of k.
5, 11
Let t(u) = 693*u**2 + 185*u - 7. What are the prime factors of t(2)?
3, 5, 11, 19
Let p = 1248 + -775. Let r be ((-9 - -6) + 3)/(-3). Suppose r = 5*l + 73 - p. What are the prime factors of l?
2, 5
Let v be ((-120)/132)/(2/(-11)). What are the prime factors of 3/v*14480/24?
2, 181
Suppose 4*u + 29*u = 57*u - 474408. List the prime factors of u.
3, 11, 599
Let s = 285 + -678. Let g = s + 414. What are the prime factors of g?
3, 7
Let c be -12*((-1)/(-1))/2. Let z(d) be the second derivative of -25*d**3/3 - 39*d**2/2 - 122*d. List the prime factors of z(c).
3, 29
What are the prime factors of ((-758)/(-4))/((-25)/(-650))?
13, 379
Let l = 30061 - 12173. List the prime factors of l.
2, 13, 43
Suppose 3*y = 9*y - 24. Suppose 3*i + 3*m - 4*m = -36, y*m - 24 = 2*i. Let w(s) = s**2 + 13*s + 17. What are the prime factors of w(i)?
5
Suppose -10*g + 8*g + 10 = -4*b, 3*b - 25 = -5*g. What are the prime factors of (b - (-13996)/12) + 9/(-27)?
2, 11, 53
Suppose -6*x - 10 = -x. Let m be (5 + -47)*13/x. Let b = -177 + m. List the prime factors of b.
2, 3
Let t be 0*((-140)/(-84) - (-2)/(-3)). Suppose -27*r + 38*r - 2563 = t. List the prime factors of r.
233
Let g(v) = -v**3 + 28*v**2 + 68*v - 36. Let h be g(31). Let b = h + 1424. List the prime factors of b.
613
Suppose 1087151 = 29*q - 415252. What are the prime factors of q?
3, 7, 2467
Let x(r) = 23 + 22 + 17*r**2 + 3*r**3 + 31*r - 55*r**2 - 6*r**3 + r**3. What are the prime factors of x(-20)?
3, 5
Suppose 23300*m - 200193 = 23279*m. List the prime factors of m.
9533
List the prime factors of 14/(-14)*-1744*(0 + 1).
2, 109
Let y = 923 - -181. Let f = -196 + y. List the prime factors of f.
2, 227
List the prime factors of (-184)/322 - 52231/(-7).
3, 829
Let x(a) = -a**3 + 7*a**2 + 16*a + 20. Let y be x(9). Suppose 2*i = -y, -5*p = -p - 2*i - 3522. What are the prime factors of p?
2, 5, 11
Suppose -637692 = -45*y + 121*y - 2829988. List the prime factors of y.
2, 14423
Let w = -21 - -25. Let z(p) = p**2 + 13*p - 10. Let n be z(-15). List the prime factors of ((-2)/(-5))/((n/825)/w).
2, 3, 11
What are the prime factors of 86/4*(578 - 124)?
43, 227
Suppose -96*o + 1847870 = -1733426 - 1590416. List the prime factors of o.
2, 7, 13, 37
Let i(l) be the second derivative of -7*l**3/2 - 25*l**2/2 - 33*l. List the prime factors of i(-9).
2, 41
Let m(d) = d**3 - 6*d**2 + 16*d + 2. Let a be m(7). Suppose 0 = -4*l + 17 + a. Suppose s - l = 4*k, 3*k - 2*k - 25 = -s. List the prime factors of s.
29
Let a(b) = -b**3 + 83*b**2 - 78*b + 540. List the prime factors of a(66).
2, 3, 643
Let s(l) = l - 1. Let h(u) = -u + 1. Let n(b) = -6*h(b) - 5*s(b). Let i be n(-3). List the prime factors of (-1881)/(-44) - 1/i.
43
Let c(n) = 50*n - 51. Let h be c(14). Let k = 1043 - h. Suppose -4 = -z, 5*y - 2*z - k = -62. What are the prime factors of y?
2, 17
Suppose 4*h = 3*j + 69885, -3*j + 0*j = 5*h - 87390. List the prime factors of h.
3, 5, 233
Suppose -7*s - 2880 = -11161. List the prime factors of s.
7, 13
Let c = 59 - 45. Suppose 113 = c*l - 419. Let r = l + 149. List the prime factors of r.
11, 17
Suppose 0 = 133*o - 128*o - 98920. Let r be (o/4)/(-2) + -2. List the prime factors of r/(-35) + 9/7 + -1.
71
Suppose 69*r = 67*r - 242. Let a = 45 - r. Suppose -2*y + a = -212. What are the prime factors of y?
3, 7
Suppose -1552 = -5*n + 10*x - 12*x, -2*x = 3*n - 932. Let a = n - 64. What are the prime factors of a?
2, 3, 41
Let o be 6/16*-6*148/(-37). Let l(f) = 46*f + 28. What are the prime factors of l(o)?
2, 13, 17
Suppose 45 = 5*q - 5*p, -5*q + p + 11 = -22. Let i(c) = c**3 - 2*c**2. Let u be i(q). Suppose 0 = -5*o + o + u. List the prime factors of o.
2, 3
Let n = 58119 - 28076. What are the prime factors of n?
13, 2311
Suppose 3*u + 19 = 2*h - 0*h, 5*u + 3*h = 0. Let z be -1*(-2 - (1 + u)). Suppose z = -3*g - 11*g + 1526. What are the prime factors of g?
109
Let w(t) = 121*t + 374. List the prime factors of w(34).
2, 3, 11, 17
List the prime factors of 201 + 13118 - 9*1.
2, 5, 11
Let l be (-3)/(-9) - 308/(-21). List the prime factors of ((-982)/3)/((-5)/l).
2, 491
Let f be (-1)/((-4)/48*3). Suppose b + 2 = 0, b + 2 = -2*z + f. Suppose 5*p = -4*x + 293, z*p - 116 = -3*x + x. List the prime factors of p.
61
Suppose 3*v - 4 = -3*n - 28, -2*n = -5*v - 40. Let m be (-383)/(-2) - 6/(-12). What are the prime factors of (6/(-4))/(v/m)?
2, 3
List the prime factors of (-121424 - -26)*(4/(-3) - -1) + -1.
5, 8093
Suppose -10*q + 1801 = 561. Suppose q*i = 118*i + 3762. List the prime factors of i.
3, 11, 19
Suppose 0 = -4*p + 3*k - 3525 + 54289, 0 = -4*p + 4*k + 50756. What are the prime factors of p?
12697
Let i = 359 - -1678. List the prime factors of i.
3, 7, 97
Let d(t) = t + 4. Let a be d(6). Let y be 8/a + -1*30/(-25). Suppose -y*w = l - 369, w + 3*l = -l + 202. List the prime factors of w.
2, 7, 13
Suppose -19*j = -2*j + 3162. Let n = -31 - j. What are the prime factors of n?
5, 31
Let y = -13456 + 19268. List the prime factors of y.
2, 1453
Let c(o) = 2*o - 69 + 76*o - 64 - 53. List the prime factors of c(13).
2, 3, 23
Suppose n + 0*n = -h - 34, -5*n - 2*h = 167. Let q(m) = 9*m**2 - 11*m. Let j be q(4). Let r = j + n. List the prime factors of r.
67
Let m = -103 - -103. Suppose 7*f - 3*f - 5*w - 1555 = m, 3*f = -w + 1190. List the prime factors of f.
5, 79
Let q = -33 + 38. Let k(p) = -q - 14 + 6*p - 2. What are the prime factors of k(15)?
3, 23
Let w be 1*-5*10/(-25). Suppose -w*f = -3*c + 9, 2*c - 3 = 2*f + 3. Suppose -3*y - 500 = -5*u - 8*y, -2*y = f. List the prime factors of u.
2, 5
Let m(s) = 82*s**2 + 16*s + 51. Let n be m(-5). Suppose 15*a - 1549 - n = 0. What are the prime factors of a?
2, 7, 17
Let m(k) = -k**2 + 19*k - 58. Let u be m(15). Suppose -785 - 7 = -2*r - 4*l, -4*r + 1602 = u*l. What are the prime factors of r?
2, 3, 67
Suppose 20*q - 19 = 1. Let a(x) be the first derivative of 87*x**4/4 + x + 3. What are the prime factors of a(q)?
2, 11
Suppose 5*f + 1 = 4*q - 0, -2*q = -4*f - 2. Let a(g) = -81*g**3 - g**2 - 4*g - 3. List the prime factors of a(q).
3
Suppose 2*v = 4*w + 7*v - 124, -3*w + v + 112 = 0. Suppose 25*b - w*b = -3487. List the prim